
12
48 + (91 - 89) + -3 + -13
34
What is -3 + 20 + (-16 - (30 - -2))?
-31
What is 1 - (-8 + -33 - -24)?
18
Evaluate 22 - (2 - 3 - (1 + (2 - 4))).
22
Evaluate (-15 - 0) + (104 - 102 - (-2 - 1)).
-10
Evaluate 11 - (1 + 4) - (-3 - (8 + -12)).
5
What is (-2 - (-4 + (-1 - -2) - -7)) + -9?
-15
Evaluate (12 - 3) + 2 - -4.
15
Evaluate (15 - 3) + -1 + 18 + -8.
21
Evaluate 0 - -16 - 21 - (-5 - -2).
-2
Calculate (-2 - (-3 + -3)) + -9.
-5
(-2 - -44) + 498 + -556
-16
-8 + 9 + (3 - 6) - (-3 - -3)
-2
Calculate (-12 - ((-14 - -2) + -18)) + (9 - 1).
26
Calculate -39 + -23 + 41 - -23.
2
0 + 12 + -28 + 14 + 11 + 1
10
Calculate 29 - (13 + -26 + 19).
23
(-26 - (-17 - 6)) + 0 + 8 - 30
-25
-1 + 1 - (11 - 3) - 0
-8
23 - (-2 + (-6 - 0 - -10) + 7)
14
What is 14 - (-13 - -28) - (-2 - 4)?
5
Calculate -1 - (-6 - (2 + (-30 - -4) + 5)).
-14
What is the value of -1 + 11 + 13 + -20 + 12?
15
Calculate 19 + -22 + 13 + -4.
6
Evaluate (-19 + 10 - -8) + 0 + 6.
5
What is -27 - (7 - 11) - -4?
-19
Evaluate -2 - (1 + (4 - 6) + (-3 - -3)).
-1
What is the value of 32 + (-9 - -10) + -19?
14
What is 9 + (-18 - -2 - -21)?
14
0 + -9 + 4 + (2 + -4 - -14)
7
What is the value of (-15 + -7 + 26 - 16) + 37 + -1?
24
(-21 - 2) + -24 + (55 - 33)
-25
What is the value of 5 + -10 + -5 - -11?
1
What is the value of 4 + (-15 - -2 - (-25 + 25))?
-9
(-7 - -4) + (145 - 122)
20
Evaluate (-127 - -137) + 1 + -4 + 1 + -5.
3
What is (8 - -1) + (9 - 9 - -8) + -4?
13
Calculate 21 - (13 + -19 + 18).
9
Calculate -4 - (-101 + 52 - (-15 + -1)).
29
-7 + 0 + (-4 - -13) + 5 + 0
7
-24 + (31 - -7 - -7)
21
What is the value of -18 + (-3 + 14 - -4)?
-3
What is the value of 13 - (51 - 23 - 46)?
31
What is -5 - (-2 + 3 + -10)?
4
Calculate (100 - 94) + (3 + -3 - 12).
-6
What is the value of (-11 - (-32 - -32)) + 18?
7
Evaluate (-21 - (-33 + -14)) + -21.
5
What is (14 - (30 - -11)) + (4 - (4 + 0))?
-27
(-48 - -36) + -46 + 40
-18
Calculate 11 + -1 - (122 + -115).
3
Calculate 97 + -102 - (-1 - 6).
2
Calculate -18 + 75 + 37 + -64.
30
What is -17 + -9 + -7 + -7 + 5 - -9?
-26
Calculate -18 + 14 + 5 + 5.
6
What is 8 + -1 - (-8 + (1 - (7 + -7)))?
14
What is 47 + -26 + -6 + -20?
-5
Calculate 9 - 1 - (-32 + 34).
6
-54 + (19 - (25 - 34))
-26
Evaluate -24 + -1 + 5 - -11.
-9
Evaluate -29 + 10 + -1 - (3 + 4 + -2).
-25
Calculate (-70 - -89) + (-12 - -19).
26
What is 7 + 7 + 22 + -17?
19
Calculate (20 - -6) + -30 + (-15 - -3) + 2.
-14
Evaluate 12 + -2 - (50 + -45) - (6 - 0).
-1
Evaluate 25 + -14 + 25 - 52.
-16
What is -2 - -20 - (-2 + (-8 - -16))?
12
4 - 1 - (-38 - -32)
9
What is the value of 3 - (-8 + 5 + -1 + 8 + 4)?
-5
16 + -8 - (12 + -1 - -2)
-5
What is the value of -9 - (0 + 1) - (-128 + 98)?
20
8 + -2 - (-8 - ((12 - 4) + -4))
18
What is (138 - 102) + (2 - 20)?
18
What is -48 - (10 + 16 + -46 + (2 - -7))?
-37
Calculate (3 - -4 - (25 - 30)) + 2.
14
24 + -17 + (1 - -4) + -22
-10
Calculate -91 - -74 - (-6 - -1).
-12
(-13 + 20 - (-6 + 5)) + 18
26
Calculate (-127 - -124) + (10 - 3).
4
What is the value of 2 - (24 - 13) - 2?
-11
Calculate (-1 - 6) + (2 + -12 + 1 - -24).
8
(10 - 2) + -17 + 12 + -13
-10
What is the value of 17 + -1 + 9 + 0 + 0?
25
What is (9 - 17 - -6) + -6 + 2 + 1?
-5
What is the value of -4 + -7 + -4 + 15?
0
What is -8 + (4 - 0) + 14 - (112 - 68)?
-34
Evaluate -2 - ((3 - (5 - -5)) + -4).
9
-8 + (2 - 1) + 9 - (-3 - 1)
6
What is 9 - (-25 + 10 + 9)?
15
What is the value of 2 + -4 + (-5 - -1) - (-252 - -256)?
-10
Calculate (-2 + 2 - (1 + -7)) + (-169 - -162).
-1
Calculate 751 + -733 - (21 - 1).
-2
Evaluate 3 + 7 + -4 + 5 + (-8 - -10).
13
Calculate 27 - 33 - (-1 - 4).
-1
Calculate -25 - (36 + -25 + (3 - (14 + -1))).
-26
What is the value of -43 + -28 + (42 - 1)?
-30
Calculate 8 + -9 + -1 + -2 + (0 - -1).
-3
-16 - (-34 + 13 + -3)
8
What is the value of 29 - -1 - ((37 - 54) + (25 - -1))?
21
Evaluate -2 - (-1 + 0) - (30 - (58 - 7)).
20
Calculate (-5 - -4) + -5 - ((-4 - 0) + -16).
14
What is (7 - (-11 - -16)) + -1 + 5 - 8?
-2
-10 - (1 + 1 - (-70 + 71))
-11
-2 - (26 + (-13 - 5))
-10
What is the value of (74 - 1) + (602 - 642)?
33
Evaluate -8 + -12 + 9 + 7.
-4
What is 16 - (6 - ((29 + -11 - 2) + -7))?
19
Calculate 3 - (15 + 1 + (1 - (-7 - -6))).
-15
Calculate -3 - (-3 + 14) - ((-5 - -13) + -11).
-11
What is 22 + -21 - 10 - (1 - -1)?
-11
19 + -2 - ((28 - 21) + -4)
14
What is -15 - (-13 - (16 + -7))?
7
What is the value of 54 - 55 - (-5 + 2)?
2
(22 - (-30 - (-8 - 6))) + -14
24
Evaluate 16 + -2 - (11 + 5 + -9) - -6.
13
What is 11 + (-1 + -1 - 4) + (-2 - -8)?
11
Evaluate 1 + -4 + -86 + 75 - (10 - 8).
-16
-7 + 0 + (-7 - (-3 + -13)) + 11
13
17 - (-8 + (3 - -6) + 16)
0
9 - (50 - (38 - -2))
-1
Calculate 4 + (-6 - (-13 + -5) - (-5 - -8)).
13
What is the value of (328 - 328) + 17 + 0?
17
Calculate -127 + 115 + (0 - -6).
-6
Calculate -1 + 4 - (82 + -78).
-1
Calculate 6 + -1 + -314 + 323.
14
Calculate -2 - -9 - (34 - (15 + 10)).
-2
What is the value of 9 + (21 - (23 - 18))?
25
What is -13 + 3 + (20 - (-4 + 14 - 10))?
10
Evaluate 3 + 0 - 3 - (-19 + 20).
-1
What is the value of 20 - 6 - (2 + -9 - -12)?
9
Evaluate (-10 - (-4 + 15)) + (0 - -10).
-11
Calculate -1 + 1 + -1 + 4 + (51 - 65).
-11
-10 + (10 - (-10 - -10)) + -3 + -3
-6
What is -12 - (7 + 9 + -5 + -12 + -10)?
-1
(3 - -2 - 2 - -3) + -43 + 47
10
Evaluate -15 - (19 + -10 + (4 - 21)).
-7
What is the value of (9 - (1 - 7 - -6)) + -11?
-2
What is 16 - (0 - (-13 + 9))?
12
What is the value of 204 - 205 - (0 + -13 + 0)?
12
Evaluate -1 - -8 - 25 - -39.
21
What is the value of 149 + -146 - (-1 + -5) - -3?
12
What is (27 - 28) + 30 - 21?
8
Calculate 7 + (1 - 21) - -9.
-4
Evaluate -1522 - -1523 - (-1 + 9).
-7
Evaluate (-1 - 6) + -4 + (28 - 8) + -7.
2
What is 39 + -63 - -51 - (1 - (-1 + -1))?
24
Calculate 141 + -121 + -4 + 22.
38
Calculate (-22 - (-19 - 6)) + 8 + 2.
13
Evaluate -10 + 0 + (-4 - -8) - (35 + -51).
10
(-3 - -1 - 1) + 7 + (2 - 12)
-6
Evaluate 0 + (4 - (5 - (8 - 5))) - 35.
-33
Evaluate 4 - (6 - 1) - (-6 - -18 - 2).
-11
Evaluate -1 + 9 + 13 + 3 + (2 - 7).
19
-13 + (-4 + (-2 - -4) - (-13 - -6))
-8
What is the value of (-12 - 0) + 0 - (1 - 2)?
-11
-5 + -8 - (338 + -371)
20
What is -3 + (3 - -1) + -30 + 19?
-10
What is -24 + -1 + (4 - (16 - 11)) + 7?
-19
What is the value of 2 + (-10 - -10) - (17 - 5)?
-10
Evaluate (12 - (67 + -34)) + 23.
2
(0 - (8 - ((7 - 8) + 10))) + 0
1
36 + -34 + -1 + -2
-1
Calculate (-3 - (7 + 7)) + 28.
11
Evaluate -94 - -90 - (1 + 3) - -14.
6
-29 + (17 - (11 + -11))
-12
What is (19 - (25 - 16)) + (1 - 7 - 0)?
4
(-1 - (-14 - -9)) + 7 - 0
11
What is the value of (-269 - -273) + (-1 - 11)?
-8
What is the value of 1 + 0 + 58 + -52 + 8 + -1?
14
Calculate -1 + 2 + (-18 - -21).
4
Calculate (2 + -10 - -2) + (0 - 1).
-7
-18 + 35 + 4 + (-5 - (-1 - 2))
19
Calculate 10 + ((7 - 8) + 6 - 10).
5
-2 - 3 - (26 + -19 + 1)
-13
(-4 - 1) + (1 - -7)
3
Calculate -81 + 90 + -1 + 2 + 4 - -10.
24
(66 - 60) + (2 - 2) + -10 + -1
-5
Calculate -25 + (-11 + 25 - 10).
-21
Evaluate (-3 - -2) + -18 - ((-19 - -8) + 8).
-16
What is the value of 13 - ((4 - 12) + (-2 - -2) - -1)?
20
Evaluate (-1 - -10) + 5 + -12 - (-21 - 1).
24
Calculate (192 - 212) + (23 - 2).
1
Evaluate (-9 + 18 + -1 - 10) + (0 - -3).
1
-12 + (-4 - (-22 - -13))
-7
Calculate -60 + 61 - (-4 - (0 - 2)) - 1.
2
What is the value of 0 - 20 - (-111 - -97)?
-6
What is 1 + -10 + (0 - 0 - -15)?
6
Calculate 24 - 1 - (154 + -107).
-24
0 + (-1 - (0 - -19) - (-39 + 33))
-14
What is 10 + (111 - 112 - (0 - -8) - -2)?
3
What is the value of 9 + (-4 - 7) + 0 + (6 - 1)?
3
Calculate 1 - -5 - ((6 - 27) + 11 + 7).
9
Evaluate 15 - 12 - (1 + (4 - 11)).
9
Calculate -24 - 1 - (6 - 3 - (6 + 2)).
-20
What is the value of -15 + (-13 - -12) + (9 - 1)?
-8
-12 - (-8 - ((15 - 7) + -13))
-9
0 - 22 - (142 + -159)
-5
What is (33 - 1) + (-90 - -76)?
18
What is the value of -117 - -116 - (5 - -1)?
-7
-12 - (-3 - (-13 + 9)) - -15
2
What is the value of -32 + 4 - (-1 - 8) - (-2 - 1)?
-16
Evaluate -2 + 12 + (-5 - 2) + (12 - 4).
11
Calculate -7 + -1 + (14 - (2 - 3)) - -6.
13
What is -8 - 3 - (-30 - (11 - 18))?
12
(-8 - -52 - 23) + 14
35
What is the value of (-11 - -1 - 0) + -4?
-14
Calculate -1 - ((10 - -4) + -29).
14
What is (-1 - -23) + (-29 - -23) + 0?
16
-1 - (-8 + (-12 - (-8 + 0)) + 6)
5
What is -1 - (-19 - 10 - -10)?
18
What is the value of -4 + 0 + 104 + -106 + (2 - 1)?
-5
E